{"id":8247,"date":"2025-04-04T04:12:17","date_gmt":"2025-04-04T02:12:17","guid":{"rendered":"https:\/\/gadex.es\/?page_id=8247"},"modified":"2025-12-16T16:09:13","modified_gmt":"2025-12-16T15:09:13","slug":"autoestima","status":"publish","type":"page","link":"https:\/\/gadex.es\/ca\/tractaments-psicologics\/psicologia-clinica\/autoestima\/","title":{"rendered":"Autoestima"},"content":{"rendered":"\n<h2 class=\"wp-block-heading\">Autoimatge, autoconcepte<\/h2>\n\n\n\n<p><strong>Qui \u00e9s vost\u00e8? Com creu que \u00e9s? Es coneix a s\u00ed mateix? De quina manera es definiria?.<\/strong>\u00a0Una persona pot definir-se com un fill o filla, com estudiant, com pare o mare\u2026, o b\u00e9, enumerant un seguit de caracter\u00edstiques (p.ex., s\u00f3c alt, moreno i prim, o s\u00f3c alegre, optimista i sociable\u2026).<br>La resposta a aquestes preguntes pot revelar una part important del seu\u00a0<strong>autoconcepte<\/strong>, \u00e9s a dir, de com es veuen i de com es comprenen.<\/p>\n\n\n\n<p>Ara b\u00e9, d\u2019un mode descriptiu podem dir que:<\/p>\n\n\n\n<h2 class=\"wp-block-heading\">L\u2019autoconcepte \u00e9s:<\/h2>\n\n\n\n<p><strong>\u00c9s el concepte que tenim de nosaltres mateixos, \u00e9s a dir, l\u2019autoimatge o representaci\u00f3 del nostre \u00e9sser.<\/strong>&nbsp;Aix\u00ed, l\u2019autoconcepte \u00e9s una construcci\u00f3 mental de com ens percebem, exerceix de base per a l\u2019autocomprensi\u00f3 i permet respondre la pregunta de? qui s\u00f3c jo?<\/p>\n\n\n\n<p>Tamb\u00e9, inclou tots aquells par\u00e0metres (habilitats, qualitats, aparen\u00e7a\u2026) que s\u00f3n importants per la persona, est\u00e0 format per la suma de creences (pensaments, sentiments\u2026) que cada un t\u00e9 sobre les seves caracter\u00edstiques tant a nivell f\u00edsic, com psicol\u00f2gic, social, afectiu o intel\u00b7lectual.<\/p>\n\n\n\n<p>Per altre part, cal tenir present que el coneixement d\u2019un mateix no oc\u00f3rrer en un moment o etapa determinat, sin\u00f3 que es va desenvolupant amb els anys, a partir d\u2019interpretacions (de les nostres emocions, conductes\u2026) i de comparacions amb altres? \u00e9s igual o diferent?. S\u2019inicia en la inf\u00e0ncia, s\u2019alleugera en l\u2019adolesc\u00e8ncia i acaba de completar-se en l\u2019 edat adulta.<\/p>\n\n\n\n<h2 class=\"wp-block-heading\">Autoestima<\/h2>\n\n\n\n<p>Un cop s\u2019ha format un concepte sobre nosaltres mateixos, es construeix l\u2019<strong>autoestima<\/strong>, que \u00e9s l\u2019avaluaci\u00f3 que fem sobre el nostre autoconcepte, \u00e9s a dir, el conjunt de sentiments positius i negatius que experimentem sobre nosaltres mateixos (com ens sentim?).<\/p>\n\n\n\n<p>D\u2019aquesta manera, ambd\u00f3s termes estan \u00edntimament lligats, ja que segons el que pensem sobre nosaltres, es determina com ens sentim amb nosaltres.<\/p>\n\n\n\n<p>Aix\u00ed, lo m\u00e9s segur \u00e9s que les persones amb un autoconcepte positiu tinguin una autoestima positiva i, pel contrari, aquelles amb un autoconcepte negatiu presentin baixa autoestima i inseguretat.<\/p>\n\n\n\n<p><em>Si pensem que no valem res, sentirem insatisfacci\u00f3, rebuig o despreci cap a nosaltres.&nbsp;<\/em>D\u2019un mode descriptiu, entenem que l\u2019<strong>autoestima<\/strong>&nbsp;\u00e9s:<\/p>\n\n\n\n<p><strong>La percepci\u00f3 emocional que les persones tenen de s\u00ed mateixes, \u00e9s a dir, un sentiment que valora el nostre \u00e9sser, la nostra manera de ser i tot el conjunt de trets que ens conformen (trets corporals, mentals\u2026).<\/strong><\/p>\n\n\n\n<p>Tamb\u00e9, podr\u00edem dir que \u00e9s l\u2019amor i l\u2019apreci cap a un mateix, la consideraci\u00f3 que es t\u00e9 cap als propis valors, creences, interessos i maneres de pensar.<\/p>\n\n\n\n<p>L\u2019<strong>autovaloraci\u00f3&nbsp;<\/strong>d\u2019un mateix, que pot ser positiva o negativa (agradar-nos o no, sentir-nos capa\u00e7os o incapa\u00e7os\u2026), \u00e9s molt important, degut a que pot ser la responsable de fracassos o d\u2019\u00e8xits.<\/p>\n\n\n\n<p>Segons com es trobi la nostra autoestima podrem desenvolupar el nostre potencial i habilitats, enfrontar-nos i resoldre les responsabilitats i reptes que se\u2019ns plantegen, tenir una major seguretat personal\u2026 no obstant, en aquells casos en que l\u2019autoestima no sigui adequada pot portar al frac\u00e0s, a l\u2019autolimitaci\u00f3 i a la derrota.<\/p>\n\n\n\n<p><em>Una&nbsp;<strong>autoestima positiva<\/strong>&nbsp;t\u00e9 repercussions favorables per la salut, les relacions i la capacitat d\u2019assolir una vida satisfact\u00f2ria i plena.<\/em><\/p>\n\n\n\n<p>Per altre banda, cal destacar que l\u2019autoestima s\u2019apr\u00e8n, canvia i la podem modificar i millorar. Aix\u00ed, \u00e9s un proc\u00e9s din\u00e0mic en el que es realitzen ajustaments constanment, a partir de les sensacions i experi\u00e8ncies que anem incorporant.<\/p>\n\n\n\n<h2 class=\"wp-block-heading\">Caracter\u00edstiques de la baixa autoestima<\/h2>\n\n\n\n<p>Les persones amb baixa o inadequada autoestima solen fer una&nbsp;<strong>interpretaci\u00f3 err\u00f2nia de la realitat<\/strong>&nbsp;i tenir una&nbsp;<strong>visi\u00f3 distorsionada<\/strong>&nbsp;de lo que realment s\u00f3n. Els trets, caracter\u00edstiques o postures que presenten poden ser molt variables, perqu\u00e8 depenen de la personalitat de cada un; d\u2019un mode general destaquem:<\/p>\n\n\n\n<ul class=\"wp-block-list\">\n<li>Inseguretat i insatisfacci\u00f3 sobre s\u00ed mateixos<\/li>\n\n\n\n<li>Falta de confian\u00e7a en s\u00ed mateixos<\/li>\n\n\n\n<li>Dificultat per saber qu\u00e8 \u00e9s lo que volen<\/li>\n\n\n\n<li>Solen presentar problemes per a prendre decisions, degut a un temor exagerat d\u2019equivocar-se<\/li>\n\n\n\n<li>Poca capacitat per enfrontar les adversitats i por al canvi<\/li>\n\n\n\n<li>Dificultat per valorar-se a s\u00ed mateixos pels assoliments i incapacitat per recon\u00e8ixer el propi valor<\/li>\n\n\n\n<li>Necessitat d\u2019aprovaci\u00f3 dels dem\u00e9s per poder acceptar-se<\/li>\n\n\n\n<li>Dificultat per expressar els propis sentiments<\/li>\n\n\n\n<li>Incapacitat per dir que no i posar l\u00edmits, degut al seu desig innecessari per complaure als dem\u00e9s, per temor a desagradar<\/li>\n\n\n\n<li>Solen ser perfeccionistes y tenir una gran autoexig\u00e8ncia; busquen fer tot de forma perfecte?, el que els porta a esfondrar-se quan les coses no els hi surten d\u2019acord a les seves exig\u00e8ncies<\/li>\n\n\n\n<li>Problemes d\u2019intimitat en les relacions, amb el contacte social<\/li>\n\n\n\n<li>Solen autocriticar-se de forma dura y excessiva<\/li>\n\n\n\n<li>Solen autoculpar-se, s\u2019acusen i es condemnen per les seves conductes, tot i que no siguin objectivament dolentes<\/li>\n\n\n\n<li>Poden exagerar la magnitud dels seus errors, lamentant-se per ells i sense permetre\u2019s el perd\u00f3<\/li>\n\n\n\n<li>Solen justificar-se pels errors que cometen o tiren la culpa dels seus fracassos als dem\u00e9s o a la situaci\u00f3<\/li>\n\n\n\n<li>Presenten una hipersensibilitat a la cr\u00edtica; aix\u00f2 provoca que es sentin exageradament atacats, ferits i ressentits<\/li>\n\n\n\n<li>Solen ser persones amb una hostilitat variable, \u00e9s a dir, que poden irritar-se i esclatar en qualsevol moment, incl\u00fas amb coses de poca import\u00e0ncia. Aix\u00f2 \u00e9s degut a que la seva autocr\u00edtica fa que tot els hi caigui malament o que tot els disgusti, els decepcioni i que res els pugui satisfer<\/li>\n\n\n\n<li>Tot lo negatiu t\u00e9 m\u00e9s influ\u00e8ncia que lo positiu; solen veure-ho tot negre, la seva vida, el seu futur i a s\u00ed mateixos<\/li>\n\n\n\n<li>En quan a alguns dels s\u00edmptomes que poden acompanyar a la baixa autoestima destaquen: una inapet\u00e8ncia generalitzada per tot, un estat de tristor, alts nivells d\u2019ansietat, depressi\u00f3, depend\u00e8ncia, solitud, poca estabilitat emocional, desgana, insomni, passivitat.<\/li>\n<\/ul>\n\n\n\n<h2 class=\"wp-block-heading\">Caracter\u00edstiques d\u2019autoestima positiva<\/h2>\n\n\n\n<p>Les persones amb una autoestima adequada o positiva solen presentar un&nbsp;<strong>bon ajustament psicol\u00f2gic<\/strong>. Alguns dels trets que les caracteritzen s\u00f3n:<\/p>\n\n\n\n<ul class=\"wp-block-list\">\n<li>Presenten seguretat en s\u00ed mateixos<\/li>\n\n\n\n<li>Tenen confian\u00e7a en s\u00ed mateixos i, confian\u00e7a per poder resoldre els seus propis problemes<\/li>\n\n\n\n<li>No temen als canvis<\/li>\n\n\n\n<li>Poden recon\u00e8ixer els seus propis assoliments<\/li>\n\n\n\n<li>No dubten en si s\u00f3n interessants o valuosos per altres<\/li>\n\n\n\n<li>Es senten valuosos com qualsevol altre persona i, son capa\u00e7os de recon\u00e8ixer difer\u00e8ncies amb altres respecte a certes habilitats, prestigi, posici\u00f3 econ\u00f2mica\u2026<\/li>\n\n\n\n<li>No es comparen, ni competeixen, ni envegen, ni es justifiquen per tot el que fan<\/li>\n\n\n\n<li>S\u00f3n capa\u00e7os de tenir intimitat en les seves relacions<\/li>\n\n\n\n<li>S\u00f3n capa\u00e7os de mostrar els seus vertaders sentiments<\/li>\n\n\n\n<li>Tenen l\u2019habilitat per perdonar-se i perdonar als dem\u00e9s Confien i creuen en els seus propis valors i principis i, s\u00f3n capa\u00e7os de defensar-los incl\u00fas davant d\u2019oposicions col\u00b7lectives<\/li>\n\n\n\n<li>Tamb\u00e9, tenen la seguretat suficient per poder modificar certs valors o principis si observen que estaven equivocats<\/li>\n\n\n\n<li>Confien en el seu propi judici i, no s\u2019ha senten culpables quan altres creuen que han fet alguna cosa malament<\/li>\n\n\n\n<li>No dediquen molt temps preocupant-se per coses passades, ni per coses futures<\/li>\n\n\n\n<li>Tamb\u00e9, presenten estabilitat emocional, s\u00f3n actius, curiosos, cooperatius, amb pensament flexible, amb sentit de l\u2019humor, etc.<\/li>\n<\/ul>\n\n\n\n<h2 class=\"wp-block-heading\">Intervenci\u00f3<\/h2>\n\n\n\n<p>Els principals&nbsp;<strong><em>objectius de tractament<\/em><\/strong>&nbsp;en les persones que tenen una baixa autoestima s\u00f3n:<\/p>\n\n\n\n<ul class=\"wp-block-list\">\n<li>\u00a01. <strong>Explorar i avaluar el problema<\/strong>: quins s\u00f3n els pensaments i sentiments que t\u00e9 la persona sobre s\u00ed mateixa i, quines s\u00f3n les creences que impedeixen que es pugui valorar de forma positiva.<\/li>\n\n\n\n<li>2. Canviar<strong>\u00a0la forma d\u2019interpretar la realitat<\/strong>, \u00e9s a dir, canviar aquells pensaments negatius que apareixen de forma autom\u00e0tica.<\/li>\n\n\n\n<li>3.<strong>\u00a0Aprendre de quina manera enfrontar-se a situacions conflictives<\/strong>\u00a0(entrenament en soluci\u00f3 de problemes, entrenament de control d\u2019un mateix, etc.).<\/li>\n\n\n\n<li>4.<strong>\u00a0Entrenament en habilitats socials<\/strong>\u00a0(empatia, expressi\u00f3 d\u2019emocions, afrontament de la cr\u00edtica, assertivitat, etc.).<\/li>\n\n\n\n<li>5.<strong>\u00a0Desenvolupar la toler\u00e0ncia amb un mateix i disminuir l\u2019autoexig\u00e8ncia,\u00a0<\/strong>(disminuir el perfeccionisme, valorar la pr\u00f2pia imatge corporal, no fixar-se ideals impossibles, canviar el concepte sobre les pr\u00f2pies possibilitats, etc.).<\/li>\n<\/ul>\n","protected":false},"excerpt":{"rendered":"<p>Autoimatge, autoconcepte Qui \u00e9s vost\u00e8? Com creu que \u00e9s? Es coneix a s\u00ed mateix? De quina manera es definiria?.\u00a0Una persona pot definir-se com un fill o filla, com estudiant, com pare o mare\u2026, o b\u00e9, enumerant un seguit de caracter\u00edstiques (p.ex., s\u00f3c alt, moreno i prim, o s\u00f3c alegre, optimista i sociable\u2026).La resposta a aquestes &#8230; <a title=\"Autoestima\" class=\"read-more\" href=\"https:\/\/gadex.es\/ca\/tractaments-psicologics\/psicologia-clinica\/autoestima\/\" aria-label=\"M\u00e9s informaci\u00f3 sobre Autoestima\">Read More<\/a><\/p>\n","protected":false},"author":1,"featured_media":0,"parent":8195,"menu_order":8,"comment_status":"closed","ping_status":"closed","template":"","meta":{"footnotes":""},"class_list":["post-8247","page","type-page","status-publish"],"_links":{"self":[{"href":"https:\/\/gadex.es\/ca\/wp-json\/wp\/v2\/pages\/8247","targetHints":{"allow":["GET"]}}],"collection":[{"href":"https:\/\/gadex.es\/ca\/wp-json\/wp\/v2\/pages"}],"about":[{"href":"https:\/\/gadex.es\/ca\/wp-json\/wp\/v2\/types\/page"}],"author":[{"embeddable":true,"href":"https:\/\/gadex.es\/ca\/wp-json\/wp\/v2\/users\/1"}],"replies":[{"embeddable":true,"href":"https:\/\/gadex.es\/ca\/wp-json\/wp\/v2\/comments?post=8247"}],"version-history":[{"count":1,"href":"https:\/\/gadex.es\/ca\/wp-json\/wp\/v2\/pages\/8247\/revisions"}],"predecessor-version":[{"id":8250,"href":"https:\/\/gadex.es\/ca\/wp-json\/wp\/v2\/pages\/8247\/revisions\/8250"}],"up":[{"embeddable":true,"href":"https:\/\/gadex.es\/ca\/wp-json\/wp\/v2\/pages\/8195"}],"wp:attachment":[{"href":"https:\/\/gadex.es\/ca\/wp-json\/wp\/v2\/media?parent=8247"}],"curies":[{"name":"wp","href":"https:\/\/api.w.org\/{rel}","templated":true}]}}

<h2 class="wp-block-heading">Autoimatge, autoconcepte</h2>



<p><strong>Qui és vostè? Com creu que és? Es coneix a sí mateix? De quina manera es definiria?.</strong> Una persona pot definir-se com un fill o filla, com estudiant, com pare o mare…, o bé, enumerant un seguit de característiques (p.ex., sóc alt, moreno i prim, o sóc alegre, optimista i sociable…).<br>La resposta a aquestes preguntes pot revelar una part important del seu <strong>autoconcepte</strong>, és a dir, de com es veuen i de com es comprenen.</p>



<p>Ara bé, d’un mode descriptiu podem dir que:</p>



<h2 class="wp-block-heading">L’autoconcepte és:</h2>



<p><strong>És el concepte que tenim de nosaltres mateixos, és a dir, l’autoimatge o representació del nostre ésser.</strong>&nbsp;Així, l’autoconcepte és una construcció mental de com ens percebem, exerceix de base per a l’autocomprensió i permet respondre la pregunta de? qui sóc jo?</p>



<p>També, inclou tots aquells paràmetres (habilitats, qualitats, aparença…) que són importants per la persona, està format per la suma de creences (pensaments, sentiments…) que cada un té sobre les seves característiques tant a nivell físic, com psicològic, social, afectiu o intel·lectual.</p>



<p>Per altre part, cal tenir present que el coneixement d’un mateix no ocórrer en un moment o etapa determinat, sinó que es va desenvolupant amb els anys, a partir d’interpretacions (de les nostres emocions, conductes…) i de comparacions amb altres? és igual o diferent?. S’inicia en la infància, s’alleugera en l’adolescència i acaba de completar-se en l’ edat adulta.</p>



<h2 class="wp-block-heading">Autoestima</h2>



<p>Un cop s’ha format un concepte sobre nosaltres mateixos, es construeix l’<strong>autoestima</strong>, que és l’avaluació que fem sobre el nostre autoconcepte, és a dir, el conjunt de sentiments positius i negatius que experimentem sobre nosaltres mateixos (com ens sentim?).</p>



<p>D’aquesta manera, ambdós termes estan íntimament lligats, ja que segons el que pensem sobre nosaltres, es determina com ens sentim amb nosaltres.</p>



<p>Així, lo més segur és que les persones amb un autoconcepte positiu tinguin una autoestima positiva i, pel contrari, aquelles amb un autoconcepte negatiu presentin baixa autoestima i inseguretat.</p>



<p><em>Si pensem que no valem res, sentirem insatisfacció, rebuig o despreci cap a nosaltres.&nbsp;</em>D’un mode descriptiu, entenem que l’<strong>autoestima</strong>&nbsp;és:</p>



<p><strong>La percepció emocional que les persones tenen de sí mateixes, és a dir, un sentiment que valora el nostre ésser, la nostra manera de ser i tot el conjunt de trets que ens conformen (trets corporals, mentals…).</strong></p>



<p>També, podríem dir que és l’amor i l’apreci cap a un mateix, la consideració que es té cap als propis valors, creences, interessos i maneres de pensar.</p>



<p>L’<strong>autovaloració&nbsp;</strong>d’un mateix, que pot ser positiva o negativa (agradar-nos o no, sentir-nos capaços o incapaços…), és molt important, degut a que pot ser la responsable de fracassos o d’èxits.</p>



<p>Segons com es trobi la nostra autoestima podrem desenvolupar el nostre potencial i habilitats, enfrontar-nos i resoldre les responsabilitats i reptes que se’ns plantegen, tenir una major seguretat personal… no obstant, en aquells casos en que l’autoestima no sigui adequada pot portar al fracàs, a l’autolimitació i a la derrota.</p>



<p><em>Una&nbsp;<strong>autoestima positiva</strong>&nbsp;té repercussions favorables per la salut, les relacions i la capacitat d’assolir una vida satisfactòria i plena.</em></p>



<p>Per altre banda, cal destacar que l’autoestima s’aprèn, canvia i la podem modificar i millorar. Així, és un procés dinàmic en el que es realitzen ajustaments constanment, a partir de les sensacions i experiències que anem incorporant.</p>



<h2 class="wp-block-heading">Característiques de la baixa autoestima</h2>



<p>Les persones amb baixa o inadequada autoestima solen fer una&nbsp;<strong>interpretació errònia de la realitat</strong>&nbsp;i tenir una&nbsp;<strong>visió distorsionada</strong>&nbsp;de lo que realment són. Els trets, característiques o postures que presenten poden ser molt variables, perquè depenen de la personalitat de cada un; d’un mode general destaquem:</p>



<ul class="wp-block-list">
<li>Inseguretat i insatisfacció sobre sí mateixos</li>



<li>Falta de confiança en sí mateixos</li>



<li>Dificultat per saber què és lo que volen</li>



<li>Solen presentar problemes per a prendre decisions, degut a un temor exagerat d’equivocar-se</li>



<li>Poca capacitat per enfrontar les adversitats i por al canvi</li>



<li>Dificultat per valorar-se a sí mateixos pels assoliments i incapacitat per reconèixer el propi valor</li>



<li>Necessitat d’aprovació dels demés per poder acceptar-se</li>



<li>Dificultat per expressar els propis sentiments</li>



<li>Incapacitat per dir que no i posar límits, degut al seu desig innecessari per complaure als demés, per temor a desagradar</li>



<li>Solen ser perfeccionistes y tenir una gran autoexigència; busquen fer tot de forma perfecte?, el que els porta a esfondrar-se quan les coses no els hi surten d’acord a les seves exigències</li>



<li>Problemes d’intimitat en les relacions, amb el contacte social</li>



<li>Solen autocriticar-se de forma dura y excessiva</li>



<li>Solen autoculpar-se, s’acusen i es condemnen per les seves conductes, tot i que no siguin objectivament dolentes</li>



<li>Poden exagerar la magnitud dels seus errors, lamentant-se per ells i sense permetre’s el perdó</li>



<li>Solen justificar-se pels errors que cometen o tiren la culpa dels seus fracassos als demés o a la situació</li>



<li>Presenten una hipersensibilitat a la crítica; això provoca que es sentin exageradament atacats, ferits i ressentits</li>



<li>Solen ser persones amb una hostilitat variable, és a dir, que poden irritar-se i esclatar en qualsevol moment, inclús amb coses de poca importància. Això és degut a que la seva autocrítica fa que tot els hi caigui malament o que tot els disgusti, els decepcioni i que res els pugui satisfer</li>



<li>Tot lo negatiu té més influència que lo positiu; solen veure-ho tot negre, la seva vida, el seu futur i a sí mateixos</li>



<li>En quan a alguns dels símptomes que poden acompanyar a la baixa autoestima destaquen: una inapetència generalitzada per tot, un estat de tristor, alts nivells d’ansietat, depressió, dependència, solitud, poca estabilitat emocional, desgana, insomni, passivitat.</li>
</ul>



<h2 class="wp-block-heading">Característiques d’autoestima positiva</h2>



<p>Les persones amb una autoestima adequada o positiva solen presentar un&nbsp;<strong>bon ajustament psicològic</strong>. Alguns dels trets que les caracteritzen són:</p>



<ul class="wp-block-list">
<li>Presenten seguretat en sí mateixos</li>



<li>Tenen confiança en sí mateixos i, confiança per poder resoldre els seus propis problemes</li>



<li>No temen als canvis</li>



<li>Poden reconèixer els seus propis assoliments</li>



<li>No dubten en si són interessants o valuosos per altres</li>



<li>Es senten valuosos com qualsevol altre persona i, son capaços de reconèixer diferències amb altres respecte a certes habilitats, prestigi, posició econòmica…</li>



<li>No es comparen, ni competeixen, ni envegen, ni es justifiquen per tot el que fan</li>



<li>Són capaços de tenir intimitat en les seves relacions</li>



<li>Són capaços de mostrar els seus vertaders sentiments</li>



<li>Tenen l’habilitat per perdonar-se i perdonar als demés Confien i creuen en els seus propis valors i principis i, són capaços de defensar-los inclús davant d’oposicions col·lectives</li>



<li>També, tenen la seguretat suficient per poder modificar certs valors o principis si observen que estaven equivocats</li>



<li>Confien en el seu propi judici i, no s’ha senten culpables quan altres creuen que han fet alguna cosa malament</li>



<li>No dediquen molt temps preocupant-se per coses passades, ni per coses futures</li>



<li>També, presenten estabilitat emocional, són actius, curiosos, cooperatius, amb pensament flexible, amb sentit de l’humor, etc.</li>
</ul>



<h2 class="wp-block-heading">Intervenció</h2>



<p>Els principals&nbsp;<strong><em>objectius de tractament</em></strong>&nbsp;en les persones que tenen una baixa autoestima són:</p>



<ul class="wp-block-list">
<li> 1. <strong>Explorar i avaluar el problema</strong>: quins són els pensaments i sentiments que té la persona sobre sí mateixa i, quines són les creences que impedeixen que es pugui valorar de forma positiva.</li>



<li>2. Canviar<strong> la forma d’interpretar la realitat</strong>, és a dir, canviar aquells pensaments negatius que apareixen de forma automàtica.</li>



<li>3.<strong> Aprendre de quina manera enfrontar-se a situacions conflictives</strong> (entrenament en solució de problemes, entrenament de control d’un mateix, etc.).</li>



<li>4.<strong> Entrenament en habilitats socials</strong> (empatia, expressió d’emocions, afrontament de la crítica, assertivitat, etc.).</li>



<li>5.<strong> Desenvolupar la tolerància amb un mateix i disminuir l’autoexigència, </strong>(disminuir el perfeccionisme, valorar la pròpia imatge corporal, no fixar-se ideals impossibles, canviar el concepte sobre les pròpies possibilitats, etc.).</li>
</ul>

<p>Autoimatge, autoconcepte Qui és vostè? Com creu que és? Es coneix a sí mateix? De quina manera es definiria?. Una persona pot definir-se com un fill o filla, com estudiant, com pare o mare…, o bé, enumerant un seguit de característiques (p.ex., sóc alt, moreno i prim, o sóc alegre, optimista i sociable…).La resposta a aquestes &#8230; <a title="Autoestima" class="read-more" href="https://gadex.es/ca/tractaments-psicologics/psicologia-clinica/autoestima/" aria-label="Més informació sobre Autoestima">Read More</a></p>
